prime factors of 5791584?
2, 3, 23, 43, 61
List the prime factors of 5811900.
2, 3, 5, 19373
List the prime factors of 141436.
2, 19, 1861
What are the prime factors of 980675?
5, 39227
List the prime factors of 593760.
2, 3, 5, 1237
What are the prime factors of 116652?
2, 3, 9721
What are the prime factors of 732215?
5, 11, 13313
What are the prime factors of 427705?
5, 113, 757
List the prime factors of 2423620.
2, 5, 121181
What are the prime factors of 3674330?
2, 5, 11, 33403
List the prime factors of 11657996.
2, 7, 349, 1193
What are the prime factors of 188780?
2, 5, 9439
What are the prime factors of 12216604?
2, 31, 83, 1187
What are the prime factors of 36905?
5, 11, 61
List the prime factors of 280621.
11, 97, 263
List the prime factors of 726421.
29, 37, 677
What are the prime factors of 16550300?
2, 5, 13, 29, 439
List the prime factors of 246046.
2, 43, 2861
List the prime factors of 1678813.
127, 13219
List the prime factors of 20830805.
5, 1009, 4129
List the prime factors of 1586129.
139, 11411
What are the prime factors of 1740179?
7, 248597
What are the prime factors of 542768?
2, 33923
What are the prime factors of 7813023?
3, 31, 84011
What are the prime factors of 1212396?
2, 3, 71, 1423
List the prime factors of 3018588.
2, 3, 17, 14797
What are the prime factors of 1381349?
1381349
What are the prime factors of 1320794?
2, 47, 14051
What are the prime factors of 976497?
3, 17, 41, 467
What are the prime factors of 7013629?
7, 1001947
List the prime factors of 18201071.
7, 211, 12323
List the prime factors of 1960986.
2, 3, 326831
List the prime factors of 3418710.
2, 3, 5, 113957
List the prime factors of 83281.
11, 67, 113
List the prime factors of 1810932.
2, 3, 229, 659
List the prime factors of 662472.
2, 3, 3067
What are the prime factors of 23891985?
3, 5, 13, 40841
What are the prime factors of 229022?
2, 307, 373
List the prime factors of 7541524.
2, 1885381
List the prime factors of 419584.
2, 11, 149
List the prime factors of 2164150.
2, 5, 43283
List the prime factors of 3794648.
2, 11, 13, 31, 107
What are the prime factors of 2650901?
11, 53, 4547
List the prime factors of 1106825.
5, 44273
What are the prime factors of 6572983?
6572983
List the prime factors of 6333335.
5, 677, 1871
List the prime factors of 11984041.
19, 37, 17047
List the prime factors of 806536.
2, 181, 557
List the prime factors of 1217809.
1217809
What are the prime factors of 4692597?
3, 7, 13, 17189
What are the prime factors of 144219?
3, 48073
What are the prime factors of 5195083?
5195083
List the prime factors of 23450192.
2, 1465637
What are the prime factors of 2856891?
3, 952297
List the prime factors of 989899.
163, 6073
List the prime factors of 510221.
17, 30013
What are the prime factors of 331841?
331841
What are the prime factors of 8112957?
3, 41, 71, 929
What are the prime factors of 164495?
5, 167, 197
List the prime factors of 951559.
7, 135937
What are the prime factors of 6773789?
11, 615799
What are the prime factors of 437175?
3, 5, 29, 67
What are the prime factors of 9639418?
2, 47, 102547
What are the prime factors of 3923?
3923
List the prime factors of 7473350.
2, 5, 137, 1091
What are the prime factors of 12840?
2, 3, 5, 107
List the prime factors of 451929.
3, 199, 757
List the prime factors of 215600.
2, 5, 7, 11
What are the prime factors of 11683893?
3, 13, 41, 7307
What are the prime factors of 1905987?
3, 23, 1201
List the prime factors of 54717.
3, 13, 23, 61
List the prime factors of 971933.
971933
List the prime factors of 8787217.
8787217
What are the prime factors of 165284?
2, 7, 5903
List the prime factors of 793915.
5, 19, 61, 137
What are the prime factors of 1023711?
3, 13, 26249
List the prime factors of 4819419.
3, 11, 601
List the prime factors of 279421.
279421
What are the prime factors of 549078?
2, 3, 91513
List the prime factors of 311548.
2, 71, 1097
List the prime factors of 2066319.
3, 229591
What are the prime factors of 255670?
2, 5, 37, 691
List the prime factors of 2653727.
2653727
List the prime factors of 2781841.
569, 4889
List the prime factors of 6078045.
3, 5, 41, 9883
What are the prime factors of 376563?
3, 11, 11411
List the prime factors of 10261607.
317, 32371
What are the prime factors of 746888?
2, 89, 1049
List the prime factors of 169106.
2, 7, 47, 257
List the prime factors of 2063684.
2, 7, 10529
What are the prime factors of 128706?
2, 3, 19, 1129
List the prime factors of 1134040.
2, 5, 28351
List the prime factors of 413443.
413443
List the prime factors of 147370.
2, 5, 14737
List the prime factors of 961269.
3, 71, 4513
What are the prime factors of 6046400?
2, 5, 3779
List the prime factors of 854754.
2, 3, 43, 3313
List the prime factors of 5144169.
3, 1714723
List the prime factors of 1767457.
587, 3011
List the prime factors of 3952473.
3, 7, 107, 1759
List the prime factors of 372892.
2, 13, 71, 101
What are the prime factors of 165888?
2, 3
List the prime factors of 1176569.
103, 11423
What are the prime factors of 169632?
2, 3, 19, 31
List the prime factors of 5994656.
2, 31, 6043
What are the prime factors of 10016564?
2, 2504141
List the prime factors of 1135820.
2, 5, 7, 19, 61
What are the prime factors of 151580?
2, 5, 11, 13, 53
List the prime factors of 16564.
2, 41, 101
What are the prime factors of 107302?
2, 13, 4127
What are the prime factors of 2499818?
2, 311, 4019
List the prime factors of 924047.
163, 5669
List the prime factors of 454195.
5, 7, 19, 683
List the prime factors of 3228958.
2, 1614479
What are the prime factors of 670513?
257, 2609
What are the prime factors of 230636?
2, 7, 8237
What are the prime factors of 633057?
3, 89, 2371
List the prime factors of 1932846.
2, 3, 61, 5281
What are the prime factors of 626139?
3, 29, 2399
List the prime factors of 198709.
7, 28387
List the prime factors of 442877.
227, 1951
What are the prime factors of 179338?
2, 89669
List the prime factors of 5098047.
3, 1699349
What are the prime factors of 2537781?
3, 845927
What are the prime factors of 428115?
3, 5, 28541
List the prime factors of 451785.
3, 5, 30119
What are the prime factors of 20564824?
2, 7, 367229
What are the prime factors of 1683708?
2, 3, 13, 43, 251
List the prime factors of 2011585.
5, 29, 13873
List the prime factors of 44088.
2, 3, 11, 167
What are the prime factors of 12238?
2, 29, 211
What are the prime factors of 42144754?
2, 97, 217241
What are the prime factors of 650212?
2, 162553
What are the prime factors of 43015040?
2, 5, 67211
List the prime factors of 566821.
566821
What are the prime factors of 495076?
2, 61, 2029
What are the prime factors of 9227293?
19, 485647
What are the prime factors of 115510?
2, 5, 11551
List the prime factors of 3384895.
5, 676979
What are the prime factors of 742749?
3, 7, 113, 313
List the prime factors of 202222.
2, 101111
List the prime factors of 411810.
2, 3, 5, 7, 37, 53
What are the prime factors of 13173?
3, 4391
What are the prime factors of 493677?
3, 19, 2887
List the prime factors of 147475.
5, 17, 347
List the prime factors of 11328924.
2, 3, 944077
What are the prime factors of 16054866?
2, 3, 53, 16829
What are the prime factors of 164968?
2, 17, 1213
List the prime factors of 10107789.
3, 53, 151, 421
What are the prime factors of 1926488?
2, 240811
What are the prime factors of 2556948?
2, 3, 213079
What are the prime factors of 6031887?
3, 31, 79, 821
What are the prime factors of 238879?
238879
What are the prime factors of 167544?
2, 3, 13, 179
What are the prime factors of 48724?
2, 13, 937
List the prime factors of 4587813.
3, 169919
What are the prime factors of 111096?
2, 3, 1543
What are the prime factors of 10134008?
2, 1266751
What are the prime factors of 3210785?
5, 642157
List the prime factors of 160235.
5, 73, 439
List the prime factors of 360755.
5, 23, 3137
What are the prime factors of 205674?
2, 3, 7, 59, 83
List the prime factors of 2278920.
2, 3, 5, 7, 2713
List the prime factors of 406623.
3, 7, 17, 67
What are the prime factors of 28463639?
1619, 17581
List the prime factors of 6558185.
5, 79, 16603
What are the prime factors of 830522?
2, 7, 11, 5393
List the prime factors of 538581.
3, 179527
What are the prime factors of 31